{"id":425,"date":"2020-10-14T18:44:16","date_gmt":"2020-10-14T18:44:16","guid":{"rendered":"https:\/\/romahistory.com\/?page_id=425"},"modified":"2020-10-14T18:44:16","modified_gmt":"2020-10-14T18:44:16","slug":"walter-stanoski-fiso-winter","status":"publish","type":"page","link":"https:\/\/romahistory.com\/?page_id=425","title":{"rendered":"Walter Stanoski &#8222;Fiso&#8220; Winter"},"content":{"rendered":"\n<h2 class=\"wp-block-heading\">Tr\u00e4ger des Bundesverdienstkreuzes und einer t\u00e4towierten KZ Nummer.<\/h2>\n\n\n\n<p>Verstorben. Schenkt ihm ein Gebet.<\/p>\n\n\n\n<figure class=\"wp-block-embed-youtube wp-block-embed is-type-video is-provider-youtube wp-embed-aspect-4-3 wp-has-aspect-ratio\"><div class=\"wp-block-embed__wrapper\">\n<iframe loading=\"lazy\" title=\"Stanoski Winter Fiso   Geschichte eines \u00dcberlebenden Sinto   SHOAH Spielberg Foundation\" width=\"1020\" height=\"765\" src=\"https:\/\/www.youtube.com\/embed\/2NMUQMutFMY?feature=oembed\" frameborder=\"0\" allow=\"accelerometer; autoplay; clipboard-write; encrypted-media; gyroscope; picture-in-picture; web-share\" allowfullscreen><\/iframe>\n<\/div><\/figure>\n\n\n\n<p>Biographien:<\/p>\n\n\n\n<p><a href=\"https:\/\/amzn.to\/2H4VuQ8\" data-type=\"URL\" data-id=\"https:\/\/amzn.to\/2H4VuQ8\">Der Sinto Walter Winter \u00fcberlebt den Holocaust&nbsp;(Deutsch) Taschenbuch \u2013 1. Januar 2009<\/a>  <\/p>\n\n\n\n<p><a href=\"WinterZeit: Lebenserinnerungen eines deutschen Sinto, der das Konzentrationslager Auschwitz \u00fcberlebte&nbsp;(Deutsch) Gebundene Ausgabe \u2013 1. Dezember 1998\">WinterZeit: Lebenserinnerungen eines deutschen Sinto, der das Konzentrationslager Auschwitz \u00fcberlebte&nbsp;(Deutsch) Gebundene Ausgabe \u2013 1. Dezember 1998<\/a><\/p>\n\n\n\n<h1 class=\"wp-block-heading\" id=\"title\"><\/h1>\n","protected":false},"excerpt":{"rendered":"<p>Tr\u00e4ger des Bundesverdienstkreuzes und einer t\u00e4towierten KZ Nummer. Verstorben. Schenkt ihm ein Gebet. Biographien: Der Sinto Walter Winter \u00fcberlebt den Holocaust&nbsp;(Deutsch) Taschenbuch \u2013 1. Januar 2009 WinterZeit: Lebenserinnerungen eines deutschen Sinto, der das Konzentrationslager Auschwitz \u00fcberlebte&nbsp;(Deutsch) Gebundene Ausgabe \u2013 1. Dezember 1998<\/p>\n","protected":false},"author":1,"featured_media":0,"parent":0,"menu_order":0,"comment_status":"closed","ping_status":"closed","template":"","meta":{"footnotes":""},"aioseo_notices":[],"_links":{"self":[{"href":"https:\/\/romahistory.com\/index.php?rest_route=\/wp\/v2\/pages\/425"}],"collection":[{"href":"https:\/\/romahistory.com\/index.php?rest_route=\/wp\/v2\/pages"}],"about":[{"href":"https:\/\/romahistory.com\/index.php?rest_route=\/wp\/v2\/types\/page"}],"author":[{"embeddable":true,"href":"https:\/\/romahistory.com\/index.php?rest_route=\/wp\/v2\/users\/1"}],"replies":[{"embeddable":true,"href":"https:\/\/romahistory.com\/index.php?rest_route=%2Fwp%2Fv2%2Fcomments&post=425"}],"version-history":[{"count":0,"href":"https:\/\/romahistory.com\/index.php?rest_route=\/wp\/v2\/pages\/425\/revisions"}],"wp:attachment":[{"href":"https:\/\/romahistory.com\/index.php?rest_route=%2Fwp%2Fv2%2Fmedia&parent=425"}],"curies":[{"name":"wp","href":"https:\/\/api.w.org\/{rel}","templated":true}]}}